 3080?
385
Calculate the greatest common divisor of 20305834 and 95981.
2341
What is the greatest common factor of 647586 and 15597?
9
What is the highest common divisor of 39773142 and 72?
18
Calculate the greatest common divisor of 70 and 200912750.
10
Calculate the greatest common factor of 74078329 and 1348.
337
What is the greatest common divisor of 2474 and 2384987954?
2474
What is the greatest common factor of 807192 and 56?
8
What is the greatest common divisor of 5421 and 9549717?
417
Calculate the highest common divisor of 70284944 and 16.
16
Calculate the greatest common divisor of 3008655 and 465.
15
Calculate the greatest common factor of 121621134 and 54504.
4542
Calculate the highest common divisor of 85440 and 151360.
320
What is the greatest common factor of 1407 and 6677727?
21
What is the highest common factor of 7338 and 201?
3
What is the greatest common factor of 342796104 and 315?
63
What is the highest common factor of 65820 and 5016?
12
What is the greatest common factor of 45 and 2062?
1
Calculate the highest common factor of 110216 and 22724.
92
Calculate the greatest common divisor of 2330298 and 1746.
18
What is the highest common factor of 11021770 and 916?
458
Calculate the greatest common factor of 1114528 and 164537.
1201
What is the highest common divisor of 1256188 and 42436?
412
Calculate the greatest common divisor of 51 and 10422768.
51
Calculate the greatest common divisor of 2002157076 and 916.
916
Calculate the greatest common divisor of 601215 and 3725.
745
What is the highest common factor of 1729716 and 3251488?
9452
What is the greatest common factor of 70129 and 735433?
19
Calculate the highest common factor of 38 and 84837755.
19
What is the greatest common divisor of 2299550 and 1615790?
4070
What is the greatest common factor of 5684096 and 32208?
176
Calculate the highest common factor of 292115692 and 149.
149
Calculate the greatest common divisor of 806 and 61805770.
26
Calculate the greatest common divisor of 538 and 1550651038.
538
Calculate the highest common divisor of 5601 and 545783844.
5601
Calculate the highest common divisor of 95 and 17208985.
5
Calculate the highest common factor of 4689 and 433827.
9
What is the highest common divisor of 915435 and 2565?
135
What is the highest common factor of 90 and 2065070?
10
What is the highest common factor of 721504 and 608?
32
What is the highest common divisor of 780 and 1017796?
52
Calculate the highest common factor of 15 and 297770.
5
Calculate the highest common factor of 1837395 and 29260.
665
What is the highest common divisor of 347602742 and 8872?
2218
What is the greatest common factor of 8368 and 55615820?
2092
Calculate the greatest common factor of 243 and 572427.
81
What is the highest common divisor of 436140 and 1080?
180
Calculate the greatest common divisor of 203 and 57925064.
29
What is the greatest common factor of 92 and 3325409?
23
What is the highest common factor of 5874 and 587994?
66
Calculate the greatest common factor of 830 and 51127004.
166
What is the greatest common factor of 220 and 54414140?
220
Calculate the greatest common factor of 44922 and 6792.
6
What is the greatest common factor of 98677 and 880114?
101
What is the highest common factor of 1588379 and 65819?
793
What is the greatest common divisor of 11368118 and 6118?
874
What is the highest common divisor of 78302 and 3255364?
1666
Calculate the greatest common factor of 9414293 and 7.
7
Calculate the highest common factor of 311219 and 19261.
17
Calculate the highest common divisor of 783203 and 98875.
113
Calculate the highest common divisor of 492100 and 43260.
140
What is the highest common divisor of 1614 and 3019668?
6
Calculate the highest common factor of 336 and 723702.
42
What is the greatest common factor of 195453 and 21366?
9
What is the highest common factor of 876037575 and 6070?
3035
What is the highest common factor of 1344 and 1141015232?
448
Calculate the highest common factor of 1258374 and 186745.
2873
Calculate the greatest common divisor of 248 and 63888.
8
Calculate the highest common factor of 32148 and 5060772.
1692
Calculate the greatest common factor of 40 and 56180570.
10
What is the greatest common divisor of 11 and 13236872?
11
What is the greatest common factor of 1355663 and 406?
29
What is the greatest common factor of 8271176 and 287?
41
Calculate the greatest common factor of 87 and 130580997.
87
Calculate the highest common divisor of 16527 and 66284288.
5509
Calculate the highest common factor of 15841521 and 432.
27
What is the greatest common factor of 28 and 6188483?
7
Calculate the greatest common factor of 557704332 and 18.
18
Calculate the highest common divisor of 3602 and 3351661.
1801
Calculate the greatest common divisor of 293585969 and 5362.
383
Calculate the greatest common factor of 4081 and 22469933.
53
What is the highest common divisor of 19904661 and 7784?
973
What is the greatest common factor of 24743688 and 144?
24
What is the highest common factor of 117 and 2614404?
39
Calculate the highest common divisor of 21420 and 22260.
420
What is the greatest common factor of 79130 and 297606?
386
Calculate the highest common factor of 7397885 and 6985.
55
Calculate the highest common factor of 17843189 and 3549.
1183
What is the greatest common divisor of 196775 and 30515?
85
What is the greatest common factor of 898883 and 199?
199
What is the highest common factor of 12910600 and 200?
200
What is the greatest common factor of 9 and 16816034?
1
Calculate the greatest common factor of 15927 and 168661621.
5309
Calculate the highest common factor of 155 and 582769.
31
What is the greatest common factor of 2238564 and 89991?
303
What is the highest common divisor of 30081526 and 8710?
134
What is the greatest common divisor of 851 and 4077371?
23
What is the greatest common factor of 21189059 and 566?
283
What is the greatest common divisor of 8165765 and 32513?
2501
What is the highest common divisor of 204260 and 706412?
28
Calculate the highest common factor of 88 and 4300934.
22
What is the greatest common factor of 9709 and 132360023?
1387
Calculate the greatest common factor of 34615 and 5511697.
989
What is the greatest common factor of 21619441 and 179?
179
What is the greatest common factor of 259760 and 1102960?
1360
Calculate the highest common factor of 48 and 16501712.
16
Calculate the greatest common factor of 97560 and 26640.
360
Calculate the greatest common factor of 8164429 and 121667.
637
What is the highest common divisor of 6781041 and 261?
261
Calculate the highest common divisor of 1530672 and 259974.
858
Calculate the greatest common factor of 3452756 and 35476.
724
Calculate the highest common factor of 103222 and 313302.
202
Calculate the highest common factor of 881045925 and 9225.
3075
What is the highest common factor of 25124674 and 1054?
34
Calculate the highest common divisor of 196284 and 5940.
132
What is the highest common factor of 609011 and 256750?
1027
Calculate the highest common factor of 3392800 and 3200.
800
Calculate the greatest common factor of 303359 and 237062.
2009
What is the greatest common factor of 59904 and 483392?
832
Calculate the highest common factor of 5016726 and 16995.
33
Calculate the greatest common factor of 1759139 and 543.
181
Calculate the greatest common divisor of 200 and 21755650.
50
What is the highest common divisor of 297 and 141615?
27
What is the greatest common divisor of 4037327 and 268241?
857
Calculate the highest common divisor of 463795 and 10028.
2507
What is the highest common divisor of 35383 and 5248?
41
What is the highest common factor of 93951072 and 576?
288
What is the greatest common divisor of 183 and 608106621?
183
What is the highest common factor of 348772 and 213188?
892
What is the greatest common divisor of 30457 and 280067?
229
What is the greatest common divisor of 129146548 and 8?
4
What is the highest common divisor of 59148 and 1937996?
124
What is the highest common factor of 64 and 3891728?
16
What is the highest common factor of 236531 and 6156?
19
What is the highest common divisor of 891 and 1846449?
297
Calculate the greatest common divisor of 2 and 14057662.
2
What is the greatest co